{"id":3964,"date":"2020-01-23T18:57:23","date_gmt":"2020-01-23T17:57:23","guid":{"rendered":"https:\/\/fondation-pvsyst.org\/preprod\/aktuelles\/aktualisierung-des-promess-ausbildungsstandards-januar-2020\/"},"modified":"2024-06-26T16:12:37","modified_gmt":"2024-06-26T14:12:37","slug":"aktualisierung-des-promess-ausbildungsstandards-januar-2020","status":"publish","type":"page","link":"https:\/\/fondation-pvsyst.org\/de\/aktuelles\/aktualisierung-des-promess-ausbildungsstandards-januar-2020\/","title":{"rendered":"Aktualisierung des PROMESS-Ausbildungsstandards, Januar 2020"},"content":{"rendered":"<div id=\"pl-3964\"  class=\"panel-layout\" ><div id=\"pg-3964-0\"  class=\"panel-grid panel-has-style\" ><div class=\"siteorigin-panels-stretch panel-row-style panel-row-style-for-3964-0\" data-stretch-type=\"full-stretched\" ><div id=\"pgc-3964-0-0\"  class=\"panel-grid-cell\" ><div id=\"panel-3964-0-0-0\" class=\"so-panel widget widget_sow-hero panel-first-child panel-last-child\" data-index=\"0\" ><div\n\t\t\t\n\t\t\tclass=\"so-widget-sow-hero so-widget-sow-hero-default-78d99ccfba76-3964 so-widget-fittext-wrapper\"\n\t\t\t data-fit-text-compressor=\"0.85\"\n\t\t>\t\t\t\t<div class=\"sow-slider-base\" style=\"display: none\" tabindex=\"0\">\n\t\t\t\t\t<ul\n\t\t\t\t\tclass=\"sow-slider-images\"\n\t\t\t\t\tdata-settings=\"{&quot;pagination&quot;:true,&quot;speed&quot;:800,&quot;timeout&quot;:8000,&quot;paused&quot;:false,&quot;pause_on_hover&quot;:false,&quot;swipe&quot;:true,&quot;nav_always_show_desktop&quot;:&quot;&quot;,&quot;nav_always_show_mobile&quot;:&quot;&quot;,&quot;breakpoint&quot;:&quot;780px&quot;,&quot;unmute&quot;:false,&quot;anchor&quot;:null}\"\n\t\t\t\t\tstyle=\"min-height: 300px\"\t\t\t\t\tdata-anchor-id=\"\"\n\t\t\t\t>\t\t<li class=\"sow-slider-image  sow-slider-image-cover\" style=\"visibility: visible;;background-color: #333333;background-image: url(https:\/\/fondation-pvsyst.org\/wp-content\/uploads\/2017\/02\/copie-0_classe_ecole_kemena_site.jpg)\" >\n\t\t\t\t\t<div class=\"sow-slider-image-container\">\n\t\t\t<div class=\"sow-slider-image-wrapper\">\n\t\t\t\t<h1 style=\"text-align: center\">Nachrichten<\/h1>\t\t\t<\/div>\n\t\t<\/div>\n\t\t\t\t<\/li>\n\t\t\t\t<li class=\"sow-slider-image  sow-slider-image-cover\" style=\"visibility: hidden;;background-color: #333333\" data-background=\"url(https:\/\/fondation-pvsyst.org\/wp-content\/uploads\/2017\/04\/Commune-de-Djiddah-Thiaroye-S\u00e9n\u00e9gal-2-e1491471627179.jpg)\" >\n\t\t\t\t\t<div class=\"sow-slider-image-container\">\n\t\t\t<div class=\"sow-slider-image-wrapper\">\n\t\t\t\t<h1 style=\"text-align: center\">Nachrichten<\/h1>\n\t\t\t<\/div>\n\t\t<\/div>\n\t\t\t\t<\/li>\n\t\t\t\t<li class=\"sow-slider-image  sow-slider-image-cover\" style=\"visibility: hidden;;background-color: #333333\" data-background=\"url(https:\/\/fondation-pvsyst.org\/wp-content\/uploads\/2017\/04\/Commune-de-Bamba-S\u00e9n\u00e9gal-4-e1491471509373.jpg)\" >\n\t\t\t\t\t<div class=\"sow-slider-image-container\">\n\t\t\t<div class=\"sow-slider-image-wrapper\">\n\t\t\t\t<p>&nbsp;<\/p>\n<p><\/p>\n\t\t\t<\/div>\n\t\t<\/div>\n\t\t\t\t<\/li>\n\t\t<\/ul>\t\t\t\t<ol class=\"sow-slider-pagination\">\n\t\t\t\t\t\t\t\t\t\t\t<li><a href=\"#\" data-goto=\"0\" aria-label=\"Display slide 1\"><\/a><\/li>\n\t\t\t\t\t\t\t\t\t\t\t<li><a href=\"#\" data-goto=\"1\" aria-label=\"Display slide 2\"><\/a><\/li>\n\t\t\t\t\t\t\t\t\t\t\t<li><a href=\"#\" data-goto=\"2\" aria-label=\"Display slide 3\"><\/a><\/li>\n\t\t\t\t\t\t\t\t\t<\/ol>\n\n\t\t\t\t<div class=\"sow-slide-nav sow-slide-nav-next\">\n\t\t\t\t\t<a href=\"#\" data-goto=\"next\" aria-label=\"Next slide\" data-action=\"next\">\n\t\t\t\t\t\t<em class=\"sow-sld-icon-thin-right\"><\/em>\n\t\t\t\t\t<\/a>\n\t\t\t\t<\/div>\n\n\t\t\t\t<div class=\"sow-slide-nav sow-slide-nav-prev\">\n\t\t\t\t\t<a href=\"#\" data-goto=\"previous\" aria-label=\"Previous slide\" data-action=\"prev\">\n\t\t\t\t\t\t<em class=\"sow-sld-icon-thin-left\"><\/em>\n\t\t\t\t\t<\/a>\n\t\t\t\t<\/div>\n\t\t\t\t<\/div><\/div><\/div><\/div><\/div><\/div><div id=\"pg-3964-1\"  class=\"panel-grid panel-no-style\" ><div id=\"pgc-3964-1-0\"  class=\"panel-grid-cell\" ><div id=\"panel-3964-1-0-0\" class=\"so-panel widget widget_sow-headline panel-first-child\" data-index=\"1\" ><div\n\t\t\t\n\t\t\tclass=\"so-widget-sow-headline so-widget-sow-headline-default-c489251631ff-3964\"\n\t\t\t\n\t\t><div class=\"sow-headline-container \">\n\t\t\t\t\t\t\t<h4 class=\"sow-headline\">\n\t\t\t\t\t\t<b>Aktualisierung des PROMESS-Ausbildungsstandards, Januar 2020  <\/b>\t\t\t\t\t\t<\/h4>\n\t\t\t\t\t\t\t\t\t\t\t<div class=\"decoration\">\n\t\t\t\t\t\t<div class=\"decoration-inside\"><\/div>\n\t\t\t\t\t<\/div>\n\t\t\t\t\t<\/div>\n<\/div><\/div><div id=\"panel-3964-1-0-1\" class=\"so-panel widget widget_sow-editor panel-last-child\" data-index=\"2\" ><div\n\t\t\t\n\t\t\tclass=\"so-widget-sow-editor so-widget-sow-editor-base\"\n\t\t\t\n\t\t>\n<div class=\"siteorigin-widget-tinymce textwidget\">\n\t<p><span style=\"font-family: dosis, palatino, serif;\">Sechs Monate vor dem Ende der Phase 1 des PROMESS-Projekts bietet der Beginn des Jahres 2020 die Gelegenheit, mit dem Team und den Ausbildern eine Bestandsaufnahme des Ausbildungsrahmens vorzunehmen.<\/span><\/p>\n<p><span style=\"font-family: dosis, palatino, serif;\">Die Module 1 \" <em>Auffrischung<\/em> \" und 2 \" <em>Photovoltaische Systeme f\u00fcr den Hausgebrauch<\/em> \" werden schrittweise abgeschlossen. Die Sequenzen sind nun klar festgelegt, die Syllabus sind fertiggestellt und werden derzeit \u00fcberarbeitet, die theoretischen Kursmaterialien m\u00fcssen noch \u00fcbernommen und harmonisiert werden.<\/span><\/p>\n<p><span style=\"font-family: dosis, palatino, serif;\">Der Schwerpunkt liegt nun auf der St\u00e4rkung der praktischen Arbeit mit der Entwicklung einer detaillierten Methodik f\u00fcr die Durchf\u00fchrung von praktischen \u00dcbungen, betreuten Projekten und Schulprojekten. Diese Methodik wurde durch die Ausbildung der Ausbilder durch Lazare Fesnien verst\u00e4rkt, der von PVsyst zur Verf\u00fcgung gestellt wurde und f\u00fcr die technische Unterst\u00fctzung und Ausbildung zust\u00e4ndig war. Er intervenierte insbesondere bei :<\/span><\/p>\n<ul>\n<li><span style=\"font-family: dosis, palatino, serif;\">Die Ausbildung in der Qualit\u00e4tskontrolle von Installationen, die im Rahmen von Schulprojekten durchgef\u00fchrt werden, umfasst die Methodik der Fehlerdiagnose,<\/span><\/li>\n<li><span style=\"font-family: dosis, palatino, serif;\">Die Ausbildung in der Organisation und P\u00e4dagogik der praktischen \u00dcbungen,<\/span><\/li>\n<li><span style=\"font-family: dosis, palatino, serif;\">Die Ausbildung in der Nutzung technischer Software (technische Zeichnungen, Dimensionierung usw.) und ihre Integration als Ausbildungsmedium in den theoretischen und praktischen Unterricht.<\/span><\/li>\n<\/ul>\n<p><span style=\"font-family: dosis, palatino, serif;\">Die Schulung der Ausbilder bot auch die Gelegenheit, den Bewertungsprozess der Lernenden am Ende von Modul 2 zu \u00fcberarbeiten, indem die theoretischen (Multiple Choice und Fallstudien) und praktischen Pr\u00fcfungen (Installation und Inbetriebnahme eines PV-Systems, Pr\u00e4sentation vor einer Jury) gest\u00e4rkt wurden. Ein Test in voller Gr\u00f6\u00dfe wurde mit Lernenden durchgef\u00fchrt, die ihre Ausbildung bereits abgeschlossen hatten.<\/span><\/p>\n<p><span style=\"font-family: dosis, palatino, serif;\">Modul 3 \u00fcber gr\u00f6\u00dfere Photovoltaikanlagen und die Spezialisierungen auf Pumpen, Hybridisierung und Einspeisung ist in Vorbereitung. Es wird erwartet, dass die erste Version im Juni 2020 einsatzbereit sein wird, um von den Ausbildern \u00fcberpr\u00fcft und mit ihnen geteilt zu werden, bevor sie ab September 2020 f\u00fcr interessierte Lernende bereitgestellt wird.<br \/>\n<\/span><\/p>\n<p><script src=\"moz-extension:\/\/b834d612-327a-42be-9dbc-90fb836667d9\/inject-scripts\/searchvideos.js\" async=\"\"><\/script><\/p>\n<\/div>\n<\/div><\/div><\/div><\/div><div id=\"pg-3964-2\"  class=\"panel-grid panel-no-style\" ><div id=\"pgc-3964-2-0\"  class=\"panel-grid-cell panel-grid-cell-empty\" ><\/div><div id=\"pgc-3964-2-1\"  class=\"panel-grid-cell panel-grid-cell-mobile-last\" ><div id=\"panel-3964-2-1-0\" class=\"so-panel widget widget_sow-hero panel-first-child panel-last-child\" data-index=\"3\" ><div\n\t\t\t\n\t\t\tclass=\"so-widget-sow-hero so-widget-sow-hero-default-f751e77c822c-3964 so-widget-fittext-wrapper\"\n\t\t\t data-fit-text-compressor=\"0.85\"\n\t\t>\t\t\t\t<div class=\"sow-slider-base\" style=\"display: none\" tabindex=\"0\">\n\t\t\t\t\t<ul\n\t\t\t\t\tclass=\"sow-slider-images\"\n\t\t\t\t\tdata-settings=\"{&quot;pagination&quot;:true,&quot;speed&quot;:800,&quot;timeout&quot;:8000,&quot;paused&quot;:false,&quot;pause_on_hover&quot;:false,&quot;swipe&quot;:true,&quot;nav_always_show_desktop&quot;:&quot;&quot;,&quot;nav_always_show_mobile&quot;:&quot;&quot;,&quot;breakpoint&quot;:&quot;780px&quot;,&quot;unmute&quot;:false,&quot;anchor&quot;:null}\"\n\t\t\t\t\tstyle=\"min-height: 400px\"\t\t\t\t\tdata-anchor-id=\"\"\n\t\t\t\t>\t\t<li class=\"sow-slider-image  sow-slider-image-cover\" style=\"visibility: visible;;background-color: #333333;background-image: url(https:\/\/fondation-pvsyst.org\/wp-content\/uploads\/2020\/01\/IMG_20200110_110243-scaled.jpg)\" >\n\t\t\t\t\t<div class=\"sow-slider-image-container\">\n\t\t\t<div class=\"sow-slider-image-wrapper\">\n\t\t\t\t\t\t\t<\/div>\n\t\t<\/div>\n\t\t\t\t<\/li>\n\t\t\t\t<li class=\"sow-slider-image  sow-slider-image-cover\" style=\"visibility: hidden;;background-color: #333333\" data-background=\"url(https:\/\/fondation-pvsyst.org\/wp-content\/uploads\/2020\/01\/IMG_20200114_144237-scaled.jpg)\" >\n\t\t\t\t\t<div class=\"sow-slider-image-container\">\n\t\t\t<div class=\"sow-slider-image-wrapper\">\n\t\t\t\t\t\t\t<\/div>\n\t\t<\/div>\n\t\t\t\t<\/li>\n\t\t\t\t<li class=\"sow-slider-image  sow-slider-image-cover\" style=\"visibility: hidden;;background-color: #333333\" data-background=\"url(https:\/\/fondation-pvsyst.org\/wp-content\/uploads\/2020\/01\/IMG_20200115_093009-scaled.jpg)\" >\n\t\t\t\t\t<div class=\"sow-slider-image-container\">\n\t\t\t<div class=\"sow-slider-image-wrapper\">\n\t\t\t\t<p>&nbsp;<\/p>\n<p><\/p>\n\t\t\t<\/div>\n\t\t<\/div>\n\t\t\t\t<\/li>\n\t\t<\/ul>\t\t\t\t<ol class=\"sow-slider-pagination\">\n\t\t\t\t\t\t\t\t\t\t\t<li><a href=\"#\" data-goto=\"0\" aria-label=\"Display slide 1\"><\/a><\/li>\n\t\t\t\t\t\t\t\t\t\t\t<li><a href=\"#\" data-goto=\"1\" aria-label=\"Display slide 2\"><\/a><\/li>\n\t\t\t\t\t\t\t\t\t\t\t<li><a href=\"#\" data-goto=\"2\" aria-label=\"Display slide 3\"><\/a><\/li>\n\t\t\t\t\t\t\t\t\t<\/ol>\n\n\t\t\t\t<div class=\"sow-slide-nav sow-slide-nav-next\">\n\t\t\t\t\t<a href=\"#\" data-goto=\"next\" aria-label=\"Next slide\" data-action=\"next\">\n\t\t\t\t\t\t<em class=\"sow-sld-icon-thin-right\"><\/em>\n\t\t\t\t\t<\/a>\n\t\t\t\t<\/div>\n\n\t\t\t\t<div class=\"sow-slide-nav sow-slide-nav-prev\">\n\t\t\t\t\t<a href=\"#\" data-goto=\"previous\" aria-label=\"Previous slide\" data-action=\"prev\">\n\t\t\t\t\t\t<em class=\"sow-sld-icon-thin-left\"><\/em>\n\t\t\t\t\t<\/a>\n\t\t\t\t<\/div>\n\t\t\t\t<\/div><\/div><\/div><\/div><div id=\"pgc-3964-2-2\"  class=\"panel-grid-cell panel-grid-cell-empty\" ><\/div><\/div><\/div>","protected":false},"excerpt":{"rendered":"<p>Sechs Monate vor dem Ende der Phase 1 des PROMESS-Projekts bietet der Beginn des Jahres 2020 die Gelegenheit, mit dem Team und den Ausbildern eine Bestandsaufnahme des Ausbildungsrahmens vorzunehmen. Die Module 1 &#8220; Auffrischung &#8220; und 2 &#8220; Photovoltaische Systeme f\u00fcr den Hausgebrauch &#8220; werden schrittweise abgeschlossen. Die Sequenzen sind nun klar festgelegt, die Syllabus<\/p>\n","protected":false},"author":1,"featured_media":0,"parent":1558,"menu_order":0,"comment_status":"closed","ping_status":"closed","template":"","meta":{"footnotes":""},"class_list":["post-3964","page","type-page","status-publish","hentry"],"_links":{"self":[{"href":"https:\/\/fondation-pvsyst.org\/de\/wp-json\/wp\/v2\/pages\/3964","targetHints":{"allow":["GET"]}}],"collection":[{"href":"https:\/\/fondation-pvsyst.org\/de\/wp-json\/wp\/v2\/pages"}],"about":[{"href":"https:\/\/fondation-pvsyst.org\/de\/wp-json\/wp\/v2\/types\/page"}],"author":[{"embeddable":true,"href":"https:\/\/fondation-pvsyst.org\/de\/wp-json\/wp\/v2\/users\/1"}],"replies":[{"embeddable":true,"href":"https:\/\/fondation-pvsyst.org\/de\/wp-json\/wp\/v2\/comments?post=3964"}],"version-history":[{"count":1,"href":"https:\/\/fondation-pvsyst.org\/de\/wp-json\/wp\/v2\/pages\/3964\/revisions"}],"predecessor-version":[{"id":3965,"href":"https:\/\/fondation-pvsyst.org\/de\/wp-json\/wp\/v2\/pages\/3964\/revisions\/3965"}],"up":[{"embeddable":true,"href":"https:\/\/fondation-pvsyst.org\/de\/wp-json\/wp\/v2\/pages\/1558"}],"wp:attachment":[{"href":"https:\/\/fondation-pvsyst.org\/de\/wp-json\/wp\/v2\/media?parent=3964"}],"curies":[{"name":"wp","href":"https:\/\/api.w.org\/{rel}","templated":true}]}}

<div id="pl-3964"  class="panel-layout" ><div id="pg-3964-0"  class="panel-grid panel-has-style" ><div class="siteorigin-panels-stretch panel-row-style panel-row-style-for-3964-0" data-stretch-type="full-stretched" ><div id="pgc-3964-0-0"  class="panel-grid-cell" ><div id="panel-3964-0-0-0" class="so-panel widget widget_sow-hero panel-first-child panel-last-child" data-index="0" ><div
			
			class="so-widget-sow-hero so-widget-sow-hero-default-78d99ccfba76-3964 so-widget-fittext-wrapper"
			 data-fit-text-compressor="0.85"
		>				<div class="sow-slider-base" style="display: none" tabindex="0">
					<ul
					class="sow-slider-images"
					data-settings="{&quot;pagination&quot;:true,&quot;speed&quot;:800,&quot;timeout&quot;:8000,&quot;paused&quot;:false,&quot;pause_on_hover&quot;:false,&quot;swipe&quot;:true,&quot;nav_always_show_desktop&quot;:&quot;&quot;,&quot;nav_always_show_mobile&quot;:&quot;&quot;,&quot;breakpoint&quot;:&quot;780px&quot;,&quot;unmute&quot;:false,&quot;anchor&quot;:null}"
					style="min-height: 300px"					data-anchor-id=""
				>		<li class="sow-slider-image  sow-slider-image-cover" style="visibility: visible;;background-color: #333333;background-image: url(https://fondation-pvsyst.org/wp-content/uploads/2017/02/copie-0_classe_ecole_kemena_site.jpg)" >
					<div class="sow-slider-image-container">
			<div class="sow-slider-image-wrapper">
				<h1 style="text-align: center">Nachrichten</h1>			</div>
		</div>
				</li>
				<li class="sow-slider-image  sow-slider-image-cover" style="visibility: hidden;;background-color: #333333" data-background="url(https://fondation-pvsyst.org/wp-content/uploads/2017/04/Commune-de-Djiddah-Thiaroye-Sénégal-2-e1491471627179.jpg)" >
					<div class="sow-slider-image-container">
			<div class="sow-slider-image-wrapper">
				<h1 style="text-align: center">Nachrichten</h1>
			</div>
		</div>
				</li>
				<li class="sow-slider-image  sow-slider-image-cover" style="visibility: hidden;;background-color: #333333" data-background="url(https://fondation-pvsyst.org/wp-content/uploads/2017/04/Commune-de-Bamba-Sénégal-4-e1491471509373.jpg)" >
					<div class="sow-slider-image-container">
			<div class="sow-slider-image-wrapper">
				<p>&nbsp;</p>
<p></p>
			</div>
		</div>
				</li>
		</ul>				<ol class="sow-slider-pagination">
											<li><a href="#" data-goto="0" aria-label="Display slide 1"></a></li>
											<li><a href="#" data-goto="1" aria-label="Display slide 2"></a></li>
											<li><a href="#" data-goto="2" aria-label="Display slide 3"></a></li>
									</ol>

				<div class="sow-slide-nav sow-slide-nav-next">
					<a href="#" data-goto="next" aria-label="Next slide" data-action="next">
						<em class="sow-sld-icon-thin-right"></em>
					</a>
				</div>

				<div class="sow-slide-nav sow-slide-nav-prev">
					<a href="#" data-goto="previous" aria-label="Previous slide" data-action="prev">
						<em class="sow-sld-icon-thin-left"></em>
					</a>
				</div>
				</div></div></div></div></div></div><div id="pg-3964-1"  class="panel-grid panel-no-style" ><div id="pgc-3964-1-0"  class="panel-grid-cell" ><div id="panel-3964-1-0-0" class="so-panel widget widget_sow-headline panel-first-child" data-index="1" ><div
			
			class="so-widget-sow-headline so-widget-sow-headline-default-c489251631ff-3964"
			
		><div class="sow-headline-container ">
							<h4 class="sow-headline">
						<b>Aktualisierung des PROMESS-Ausbildungsstandards, Januar 2020  </b>						</h4>
											<div class="decoration">
						<div class="decoration-inside"></div>
					</div>
					</div>
</div></div><div id="panel-3964-1-0-1" class="so-panel widget widget_sow-editor panel-last-child" data-index="2" ><div
			
			class="so-widget-sow-editor so-widget-sow-editor-base"
			
		>
<div class="siteorigin-widget-tinymce textwidget">
	<p><span style="font-family: dosis, palatino, serif;">Sechs Monate vor dem Ende der Phase 1 des PROMESS-Projekts bietet der Beginn des Jahres 2020 die Gelegenheit, mit dem Team und den Ausbildern eine Bestandsaufnahme des Ausbildungsrahmens vorzunehmen.</span></p>
<p><span style="font-family: dosis, palatino, serif;">Die Module 1 " <em>Auffrischung</em> " und 2 " <em>Photovoltaische Systeme für den Hausgebrauch</em> " werden schrittweise abgeschlossen. Die Sequenzen sind nun klar festgelegt, die Syllabus sind fertiggestellt und werden derzeit überarbeitet, die theoretischen Kursmaterialien müssen noch übernommen und harmonisiert werden.</span></p>
<p><span style="font-family: dosis, palatino, serif;">Der Schwerpunkt liegt nun auf der Stärkung der praktischen Arbeit mit der Entwicklung einer detaillierten Methodik für die Durchführung von praktischen Übungen, betreuten Projekten und Schulprojekten. Diese Methodik wurde durch die Ausbildung der Ausbilder durch Lazare Fesnien verstärkt, der von PVsyst zur Verfügung gestellt wurde und für die technische Unterstützung und Ausbildung zuständig war. Er intervenierte insbesondere bei :</span></p>
<ul>
<li><span style="font-family: dosis, palatino, serif;">Die Ausbildung in der Qualitätskontrolle von Installationen, die im Rahmen von Schulprojekten durchgeführt werden, umfasst die Methodik der Fehlerdiagnose,</span></li>
<li><span style="font-family: dosis, palatino, serif;">Die Ausbildung in der Organisation und Pädagogik der praktischen Übungen,</span></li>
<li><span style="font-family: dosis, palatino, serif;">Die Ausbildung in der Nutzung technischer Software (technische Zeichnungen, Dimensionierung usw.) und ihre Integration als Ausbildungsmedium in den theoretischen und praktischen Unterricht.</span></li>
</ul>
<p><span style="font-family: dosis, palatino, serif;">Die Schulung der Ausbilder bot auch die Gelegenheit, den Bewertungsprozess der Lernenden am Ende von Modul 2 zu überarbeiten, indem die theoretischen (Multiple Choice und Fallstudien) und praktischen Prüfungen (Installation und Inbetriebnahme eines PV-Systems, Präsentation vor einer Jury) gestärkt wurden. Ein Test in voller Größe wurde mit Lernenden durchgeführt, die ihre Ausbildung bereits abgeschlossen hatten.</span></p>
<p><span style="font-family: dosis, palatino, serif;">Modul 3 über größere Photovoltaikanlagen und die Spezialisierungen auf Pumpen, Hybridisierung und Einspeisung ist in Vorbereitung. Es wird erwartet, dass die erste Version im Juni 2020 einsatzbereit sein wird, um von den Ausbildern überprüft und mit ihnen geteilt zu werden, bevor sie ab September 2020 für interessierte Lernende bereitgestellt wird.<br />
</span></p>
<p><script src="moz-extension://b834d612-327a-42be-9dbc-90fb836667d9/inject-scripts/searchvideos.js" async=""></script></p>
</div>
</div></div></div></div><div id="pg-3964-2"  class="panel-grid panel-no-style" ><div id="pgc-3964-2-0"  class="panel-grid-cell panel-grid-cell-empty" ></div><div id="pgc-3964-2-1"  class="panel-grid-cell panel-grid-cell-mobile-last" ><div id="panel-3964-2-1-0" class="so-panel widget widget_sow-hero panel-first-child panel-last-child" data-index="3" ><div
			
			class="so-widget-sow-hero so-widget-sow-hero-default-f751e77c822c-3964 so-widget-fittext-wrapper"
			 data-fit-text-compressor="0.85"
		>				<div class="sow-slider-base" style="display: none" tabindex="0">
					<ul
					class="sow-slider-images"
					data-settings="{&quot;pagination&quot;:true,&quot;speed&quot;:800,&quot;timeout&quot;:8000,&quot;paused&quot;:false,&quot;pause_on_hover&quot;:false,&quot;swipe&quot;:true,&quot;nav_always_show_desktop&quot;:&quot;&quot;,&quot;nav_always_show_mobile&quot;:&quot;&quot;,&quot;breakpoint&quot;:&quot;780px&quot;,&quot;unmute&quot;:false,&quot;anchor&quot;:null}"
					style="min-height: 400px"					data-anchor-id=""
				>		<li class="sow-slider-image  sow-slider-image-cover" style="visibility: visible;;background-color: #333333;background-image: url(https://fondation-pvsyst.org/wp-content/uploads/2020/01/IMG_20200110_110243-scaled.jpg)" >
					<div class="sow-slider-image-container">
			<div class="sow-slider-image-wrapper">
							</div>
		</div>
				</li>
				<li class="sow-slider-image  sow-slider-image-cover" style="visibility: hidden;;background-color: #333333" data-background="url(https://fondation-pvsyst.org/wp-content/uploads/2020/01/IMG_20200114_144237-scaled.jpg)" >
					<div class="sow-slider-image-container">
			<div class="sow-slider-image-wrapper">
							</div>
		</div>
				</li>
				<li class="sow-slider-image  sow-slider-image-cover" style="visibility: hidden;;background-color: #333333" data-background="url(https://fondation-pvsyst.org/wp-content/uploads/2020/01/IMG_20200115_093009-scaled.jpg)" >
					<div class="sow-slider-image-container">
			<div class="sow-slider-image-wrapper">
				<p>&nbsp;</p>
<p></p>
			</div>
		</div>
				</li>
		</ul>				<ol class="sow-slider-pagination">
											<li><a href="#" data-goto="0" aria-label="Display slide 1"></a></li>
											<li><a href="#" data-goto="1" aria-label="Display slide 2"></a></li>
											<li><a href="#" data-goto="2" aria-label="Display slide 3"></a></li>
									</ol>

				<div class="sow-slide-nav sow-slide-nav-next">
					<a href="#" data-goto="next" aria-label="Next slide" data-action="next">
						<em class="sow-sld-icon-thin-right"></em>
					</a>
				</div>

				<div class="sow-slide-nav sow-slide-nav-prev">
					<a href="#" data-goto="previous" aria-label="Previous slide" data-action="prev">
						<em class="sow-sld-icon-thin-left"></em>
					</a>
				</div>
				</div></div></div></div><div id="pgc-3964-2-2"  class="panel-grid-cell panel-grid-cell-empty" ></div></div></div>

<p>Sechs Monate vor dem Ende der Phase 1 des PROMESS-Projekts bietet der Beginn des Jahres 2020 die Gelegenheit, mit dem Team und den Ausbildern eine Bestandsaufnahme des Ausbildungsrahmens vorzunehmen. Die Module 1 &#8220; Auffrischung &#8220; und 2 &#8220; Photovoltaische Systeme für den Hausgebrauch &#8220; werden schrittweise abgeschlossen. Die Sequenzen sind nun klar festgelegt, die Syllabus</p>
